1001101111001
In base 8, what is -13513525 + 3?
-13513522
In base 6, what is 50 + -340?
-250
In base 11, what is -73422 + -4?
-73426
In base 3, what is 102020 - -102211?
212001
In base 9, what is 42 - 8837?
-8785
In base 3, what is 100 + 21122000?
21122100
In base 4, what is 2020000033 + 3?
2020000102
In base 9, what is -47 - -343?
285
In base 14, what is 47c + 59?
4d7
In base 3, what is -12022 - -101011?
11212
In base 11, what is -548644 + 1?
-548643
In base 5, what is -32131123 + 2?
-32131121
In base 14, what is 1153 + -8?
1149
In base 11, what is -18a773 - -8?
-18a766
In base 5, what is 1441 + 220413?
222404
In base 7, what is -1413431 + -55?
-1413516
In base 3, what is -101120 + -10001?
-111121
In base 4, what is -11133 + 2?
-11131
In base 4, what is 20323212 + 0?
20323212
In base 16, what is 21ad2 + 4?
21ad6
In base 6, what is 2 + 11023?
11025
In base 11, what is -1 - -14890?
1488a
In base 14, what is -1d8 + 49b?
2a3
In base 3, what is 211210222201 + -2?
211210222122
In base 16, what is 2ce - 1d?
2b1
In base 14, what is 1836c - -12?
18380
In base 15, what is 8a7 + -33?
874
In base 16, what is a1b04a + -3?
a1b047
In base 2, what is -11110001111000 - 1101?
-11110010000101
In base 16, what is -11a0 + -1?
-11a1
In base 10, what is 41 + -1714?
-1673
In base 4, what is 1000230 + -110?
1000120
In base 8, what is -1 + -166002?
-166003
In base 8, what is 14 - 503520?
-503504
In base 3, what is -2 - -10221010?
10221001
In base 12, what is 169 + 7bb?
968
In base 15, what is -155 + 353?
1ed
In base 12, what is 93216 - -5?
9321b
In base 3, what is 20012 + 10211?
101000
In base 15, what is 13 - 4a4?
-491
In base 4, what is -13321211 - 33?
-13321310
In base 14, what is 97 - 3113?
-305a
In base 13, what is -44 - bcaa?
-c021
In base 16, what is 5 - -293f?
2944
In base 9, what is -1 + 61058?
61057
In base 7, what is 154135 + 31?
154166
In base 12, what is 1 - 13428?
-13427
In base 7, what is -120463 + 2?
-120461
In base 8, what is 230 - 335?
-105
In base 16, what is 0 + -2ab4?
-2ab4
In base 11, what is 698 - 322?
376
In base 3, what is 2010 - 210002?
-200222
In base 15, what is -12e3b5 - -1?
-12e3b4
In base 2, what is 10000100 - 10100110?
-100010
In base 7, what is -31 + -313?
-344
In base 14, what is 20 + bb4?
bd4
In base 5, what is 340242112 - 0?
340242112
In base 16, what is -537 - -1d?
-51a
In base 11, what is 3 + 10162?
10165
In base 11, what is -a86393 + -4?
-a86397
In base 3, what is 2220000101 + 12?
2220000120
In base 6, what is 3 + -1323?
-1320
In base 3, what is 2212100 + 221?
2220021
In base 13, what is -18a649 - 5?
-18a651
In base 4, what is -10331013 - 2?
-10331021
In base 10, what is -8 - -74405?
74397
In base 9, what is 2 + -20574?
-20572
In base 5, what is -141043 - 224?
-141322
In base 9, what is -17440 + 616?
-16723
In base 15, what is -12975a + -2?
-12975c
In base 8, what is 502 - 1667?
-1165
In base 2, what is 111010 - -1000001100?
1001000110
In base 7, what is 12235 - -26?
12264
In base 16, what is 4 - dcfa?
-dcf6
In base 10, what is 6 - -4491?
4497
In base 11, what is 2a + -1451?
-1422
In base 4, what is 112113333 - 1?
112113332
In base 10, what is 41727 + -35?
41692
In base 9, what is -6 + -4521?
-4527
In base 14, what is 13 + c97?
caa
In base 11, what is 49 - -339?
387
In base 9, what is 22 + -14455?
-14433
In base 7, what is -11123 + -120?
-11243
In base 9, what is -206 - 1411?
-1617
In base 16, what is 208af + 8?
208b7
In base 7, what is -2025166 - -11?
-2025155
In base 15, what is 12 - -c83?
c95
In base 11, what is -13a9 - -69?
-1340
In base 14, what is 24c + 2a?
278
In base 9, what is 4434251 - 1?
4434250
In base 3, what is 1020001110 - 12?
1020001021
In base 12, what is 389 - 347?
42
In base 13, what is -20 + 20?
0
In base 4, what is 1020 + -12023?
-11003
In base 10, what is 3 - 18884?
-18881
In base 3, what is 12 - 2020012202?
-2020012120
In base 4, what is -1300201310 + 10?
-1300201300
In base 15, what is 8b + c61?
cec
In base 11, what is -12 - -672?
660
In base 2, what is 11101111110 - -1011?
11110001001
In base 9, what is 117 - -350?
467
In base 10, what is 14437 + -5?
14432
In base 9, what is -20 - -2224?
2204
In base 16, what is 3c - 1f38?
-1efc
In base 7, what is -14312253 + -2?
-14312255
In base 7, what is -14164 - 3324?
-20521
In base 15, what is 1d + 8c4?
8e2
In base 8, what is -55062 + 1?
-55061
In base 16, what is f + -1655?
-1646
In base 12, what is -3b3a4b - -1?
-3b3a4a
In base 10, what is -11 + -36857?
-36868
In base 5, what is 10331122 + 201?
10331323
In base 3, what is 212220 - 12200?
200020
In base 5, what is -11432131 - 21?
-11432202
In base 2, what is 101 - -11010000101101001010?
11010000101101001111
In base 10, what is -884036 - 1?
-884037
In base 9, what is -3 + -14805?
-14808
In base 9, what is -13656825 - 3?
-13656828
In base 3, what is 220 - -111220100?
111221020
In base 8, what is -45 - 634?
-701
In base 13, what is -47 + 47b1?
4767
In base 9, what is 2 - 18483?
-18481
In base 15, what is -405 + 30?
-3c5
In base 14, what is 9 + 426?
431
In base 2, what is 1010011 + -1010000001?
-1000101110
In base 15, what is -1e - -1189?
116a
In base 16, what is -16 - -983c?
9826
In base 2, what is -10110100110111 + 1101?
-10110100101010
In base 8, what is -140075 + -5?
-140102
In base 9, what is 14 - 131812?
-131787
In base 11, what is -3 - 17232?
-17235
In base 9, what is -40814 - 40?
-40854
In base 16, what is 28 + -133?
-10b
In base 14, what is 6b5c + 1?
6b5d
In base 3, what is -2022200 - -12011?
-2010112
In base 11, what is -24a70 - -1?
-24a6a
In base 15, what is -43c + -644?
-a81
In base 5, what is 10 - 322403?
-322343
In base 8, what is -11 + -11?
-22
In base 6, what is 23 - 1154430?
-1154403
In base 12, what is -288 + -464?
-730
In base 9, what is 21 + 3537?
3558
In base 8, what is -2301 + 47?
-2232
In base 6, what is 13311 + -4?
13303
In base 7, what is 361 - 1231?
-540
In base 2, what is 111000110 - -100101000?
1011101110
In base 10, what is 24462 + -38?
24424
In base 5, what is 33 - -2310302?
2310340
In base 15, what is 66cd5 + -5?
66cd0
In base 16, what is 127fa + -3?
127f7
In base 2, what is -1000111011 - 10000?
-1001001011
In base 12, what is 912 - 24?
8aa
In base 9, what is -85 - -3003?
2807
In base 9, what is 64526 + -25?
64501
In base 9, what is 16 - -58214?
58231
In base 2, what is 10011010 - -1010110000?
1101001010
In base 3, what is -2012202201111 - 2?
-2012202201120
In base 6, what is 105 + 1441?
1550
In base 9, what is 4 - 10010?
-10005
In base 9, what is 1470 - 10?
1460
In base 12, what is 10895b + -3?
108958
In base 15, what is 3 - -4372a?
4372d
In base 15, what is -5c71 + 4?
-5c6c
In base 2, what is 100000 - 1011101010100010?
-1011101010000010
In base 5, what is 41131212 + 2?
41131214
In base 4, what is -3220301 + 100?
-3220201
In base 16, what is 846 + -63?
7e3
In base 7, what is -130 + -2436?
-2566
In base 4, what is 102003 - -21?
102030
In base 15, what is 6 + -4ea?
-4e4
In base 10, what is 20789 + -3?
20786
In base 15, what is 432 + 189?
5bb
In base 10, what is -56 - -790?
734
In base 2, what is 1000100010111011110 + -100?
1000100010111011010
In base 12, what is -23 - bbb8?
-1001b
In base 12, what is a9a - -4?
aa2
In base 12, what is -591 - -a20?
44b
In base 9, what is 14 + -6318?
-6304
In base 2, what is -100110101 + 100101?
-100010000
In base 13, what is -b + 1529?
151b
In base 4, what is -10 - -3121121?
3121111
In base 7, what is 1 - -1142363?
1142364
In base 6, what is -4 + -32304?
-32312
In base 4, what is 2 + 20002130?
20002132
In base 14, what is -5a5 - -22?
-583
In base 13, what is 79 + 1b5?
261
In base 9, what is 1701 + 0?
1701
In base 10, what is -2419 - -29?
-2390
In base 7, what is 14 + -1462210?
-1462163
In base 12, what is 127 - -8?
133
In base 12, what is 206337a + 4?
2063382
In base 15, what is 20a + -343?
-138
In base 12, what is -1b067 + -9?
-1b074
In base 14, what is 2b63b - 1?
2b63a
In base 6, what is -111 + 413101?
412550
In base 9, what is 414 - -1401?
1815
In base 7, what is 520250 + 4?
520254
In base 7, what is 116632 - -26?
116661
In base 16, what is 5 + a5f7?
a5fc
In base 7, what is -140662360 - -5?
-140662352
In base 5, what is 1000301013 - -3?
1000301021
In base 10, what is -12 - -3303?
3291
In base 10, what is -5 - 6625?
-6630
In base 12, what is -1b + -5b